{"id":2,"date":"2008-12-17T08:53:34","date_gmt":"2008-12-17T07:53:34","guid":{"rendered":"http:\/\/www.reihe-m.de\/con\/?page_id=2"},"modified":"2014-04-14T15:29:48","modified_gmt":"2014-04-14T14:29:48","slug":"ueber-mich","status":"publish","type":"page","link":"https:\/\/www.reihe-m.de\/?page_id=2","title":{"rendered":"REIHE"},"content":{"rendered":"<p>reiheM ist eine Konzertreihe, die im Januar 2009 in K\u00f6ln startet und an die Stelle von \u201eExperimentierfeld neue Musik\u201c tritt. In etwa zehn Konzerten pro Jahr werden Werke pr\u00e4sentiert, die in unterschiedlichen Formen Instrumentalmusik, Elektronik und neue Medien miteinander kombinieren.<\/p>\n<p>reiheM ist programmatisch offen. Das Spektrum reicht von Klassikern der elektronischen bzw. live-elektronischen Musik wie John Cages Cartridge Music u\u0308ber Werke der musique concr\u00e8te bis zu aktuellen Tendenzen der elektronischen Musik, Computermusik und des circuit bending. Die Reihe bietet ebenso Platz fu\u0308r Klanginstallationen wie fu\u0308r aufwendige Multimediaproduktionen.<\/p>\n<p>reiheM findet an wechselnden Orten statt. Es werden Orte ausgew\u00e4hlt, die fu\u0308r das jeweilige Programm die besten r\u00e4umlichen, akustischen und technischen Voraussetzungen bieten. Dies k\u00f6nnen vertraute, aber auch alternative, neu zu erschlie\u00dfende Spielst\u00e4tten sein, wie Museen, Galerien und andere \u00f6ffentliche R\u00e4ume.<\/p>\n<p>reihe M reagiert auf aktuelle musikalische Entwicklungen. Sie bietet Musikformen im Spannungsfeld zwischen neuer Musik, Elektronik und digitalen Medien eine Plattform, die stil u\u0308bergreifend oder technisch aufw\u00e4ndig zu realisieren sind.<\/p>\n<p>reihe M verbindet Aktivit\u00e4ten verschiedener Musikszenen. Gleichzeitig l\u00e4dt sie u\u0308berregionale und internationale Ku\u0308nstler zu Gastspielen ein und schafft damit ein Netzwerk mit gleicherma\u00dfen lokalen wie internationalen Bezu\u0308gen. Nicht zuletzt kompensiert die Reihe einen akuten Mangel: Das Fehlen eines multifunktionalen Saals als ad\u00e4quatem Auffu\u0308hrungsort fu\u0308r die avancierten Formen der Musik des 20. und 21. Jahrhunderts.<\/p>\n","protected":false},"excerpt":{"rendered":"","protected":false},"author":4,"featured_media":0,"parent":0,"menu_order":0,"comment_status":"closed","ping_status":"closed","template":"","meta":{"footnotes":""},"class_list":["post-2","page","type-page","status-publish","hentry"],"_links":{"self":[{"href":"https:\/\/www.reihe-m.de\/index.php?rest_route=\/wp\/v2\/pages\/2","targetHints":{"allow":["GET"]}}],"collection":[{"href":"https:\/\/www.reihe-m.de\/index.php?rest_route=\/wp\/v2\/pages"}],"about":[{"href":"https:\/\/www.reihe-m.de\/index.php?rest_route=\/wp\/v2\/types\/page"}],"author":[{"embeddable":true,"href":"https:\/\/www.reihe-m.de\/index.php?rest_route=\/wp\/v2\/users\/4"}],"replies":[{"embeddable":true,"href":"https:\/\/www.reihe-m.de\/index.php?rest_route=%2Fwp%2Fv2%2Fcomments&post=2"}],"version-history":[{"count":9,"href":"https:\/\/www.reihe-m.de\/index.php?rest_route=\/wp\/v2\/pages\/2\/revisions"}],"predecessor-version":[{"id":2051,"href":"https:\/\/www.reihe-m.de\/index.php?rest_route=\/wp\/v2\/pages\/2\/revisions\/2051"}],"wp:attachment":[{"href":"https:\/\/www.reihe-m.de\/index.php?rest_route=%2Fwp%2Fv2%2Fmedia&parent=2"}],"curies":[{"name":"wp","href":"https:\/\/api.w.org\/{rel}","templated":true}]}}